 when 17 is divided by 8.
1
Calculate the remainder when 1467 is divided by 15.
12
What is the remainder when 190 is divided by 3?
1
What is the remainder when 4106 is divided by 21?
11
Calculate the remainder when 72 is divided by 29.
14
Calculate the remainder when 173 is divided by 42.
5
Calculate the remainder when 551 is divided by 46.
45
What is the remainder when 54 is divided by 32?
22
What is the remainder when 236 is divided by 72?
20
What is the remainder when 96 is divided by 93?
3
What is the remainder when 18558 is divided by 116?
114
Calculate the remainder when 10584 is divided by 145.
144
Calculate the remainder when 62 is divided by 15.
2
What is the remainder when 1297 is divided by 1280?
17
Calculate the remainder when 46 is divided by 27.
19
Calculate the remainder when 304 is divided by 34.
32
Calculate the remainder when 141 is divided by 21.
15
What is the remainder when 381 is divided by 77?
73
Calculate the remainder when 20 is divided by 9.
2
What is the remainder when 861 is divided by 34?
11
Calculate the remainder when 666 is divided by 80.
26
Calculate the remainder when 42 is divided by 38.
4
What is the remainder when 185 is divided by 2?
1
Calculate the remainder when 3027 is divided by 8.
3
Calculate the remainder when 78 is divided by 14.
8
What is the remainder when 59 is divided by 29?
1
What is the remainder when 74 is divided by 25?
24
What is the remainder when 334 is divided by 18?
10
What is the remainder when 427 is divided by 43?
40
What is the remainder when 31 is divided by 8?
7
Calculate the remainder when 396 is divided by 126.
18
Calculate the remainder when 45 is divided by 22.
1
Calculate the remainder when 542 is divided by 78.
74
What is the remainder when 128 is divided by 26?
24
Calculate the remainder when 972 is divided by 156.
36
What is the remainder when 5068 is divided by 11?
8
What is the remainder when 17 is divided by 2?
1
What is the remainder when 97 is divided by 58?
39
Calculate the remainder when 359 is divided by 29.
11
What is the remainder when 549 is divided by 50?
49
What is the remainder when 229 is divided by 48?
37
Calculate the remainder when 11685 is divided by 31.
29
Calculate the remainder when 7256 is divided by 110.
106
What is the remainder when 277 is divided by 9?
7
What is the remainder when 240 is divided by 82?
76
Calculate the remainder when 35 is divided by 10.
5
What is the remainder when 821 is divided by 25?
21
What is the remainder when 830 is divided by 407?
16
What is the remainder when 973 is divided by 40?
13
What is the remainder when 116 is divided by 41?
34
Calculate the remainder when 2414 is divided by 93.
89
What is the remainder when 215 is divided by 72?
71
What is the remainder when 369 is divided by 195?
174
Calculate the remainder when 352 is divided by 60.
52
Calculate the remainder when 872 is divided by 306.
260
Calculate the remainder when 483 is divided by 22.
21
Calculate the remainder when 4931 is divided by 76.
67
What is the remainder when 242 is divided by 41?
37
Calculate the remainder when 184 is divided by 179.
5
Calculate the remainder when 216 is divided by 56.
48
What is the remainder when 251 is divided by 241?
10
Calculate the remainder when 2824 is divided by 240.
184
What is the remainder when 788 is divided by 66?
62
What is the remainder when 987 is divided by 129?
84
Calculate the remainder when 244 is divided by 21.
13
What is the remainder when 1188 is divided by 89?
31
Calculate the remainder when 33 is divided by 31.
2
Calculate the remainder when 1286 is divided by 1285.
1
What is the remainder when 163 is divided by 24?
19
What is the remainder when 88 is divided by 78?
10
What is the remainder when 1365 is divided by 37?
33
Calculate the remainder when 533 is divided by 45.
38
Calculate the remainder when 4696 is divided by 37.
34
Calculate the remainder when 2206 is divided by 372.
346
What is the remainder when 336 is divided by 160?
16
What is the remainder when 50 is divided by 42?
8
Calculate the remainder when 108 is divided by 5.
3
What is the remainder when 2961 is divided by 39?
36
Calculate the remainder when 106 is divided by 15.
1
Calculate the remainder when 189 is divided by 50.
39
What is the remainder when 836 is divided by 808?
28
Calculate the remainder when 92 is divided by 11.
4
Calculate the remainder when 129 is divided by 35.
24
Calculate the remainder when 3637 is divided by 61.
38
Calculate the remainder when 518 is divided by 9.
5
Calculate the remainder when 966 is divided by 945.
21
What is the remainder when 60 is divided by 17?
9
What is the remainder when 217 is divided by 73?
71
Calculate the remainder when 308 is divided by 26.
22
What is the remainder when 83 is divided by 28?
27
What is the remainder when 210 is divided by 40?
10
What is the remainder when 303 is divided by 51?
48
Calculate the remainder when 39 is divided by 9.
3
What is the remainder when 110 is divided by 27?
2
Calculate the remainder when 1065 is divided by 13.
12
What is the remainder when 99 is divided by 21?
15
Calculate the remainder when 304 is divided by 241.
63
What is the remainder when 207 is divided by 36?
27
Calculate the remainder when 2064 is divided by 39.
36
What is the remainder when 63 is divided by 16?
15
Calculate the remainder when 29 is divided by 3.
2
What is the remainder when 103 is divided by 22?
15
Calculate the remainder when 4615 is divided by 19.
17
Calculate the remainder when 297 is divided by 278.
19
What is the remainder when 194 is divided by 17?
7
What is the remainder when 2259 is divided by 279?
27
Calculate the remainder when 189 is divided by 5.
4
Calculate the remainder when 123 is divided by 25.
23
What is the remainder when 1260 is divided by 215?
185
Calculate the remainder when 34 is divided by 19.
15
Calculate the remainder when 253 is divided by 44.
33
Calculate the remainder when 1174 is divided by 19.
15
What is the remainder when 708 is divided by 175?
8
Calculate the remainder when 1077 is divided by 49.
48
What is the remainder when 450 is divided by 221?
8
What is the remainder when 1514 is divided by 100?
14
What is the remainder when 320 is divided by 25?
20
Calculate the remainder when 162 is divided by 20.
2
What is the remainder when 11 is divided by 9?
2
What is the remainder when 167 is divided by 25?
17
What is the remainder when 2958 is divided by 186?
168
What is the remainder when 2560 is divided by 61?
59
Calculate the remainder when 252 is divided by 16.
12
What is the remainder when 273 is divided by 140?
133
Calculate the remainder when 514 is divided by 7.
3
Calculate the remainder when 1163 is divided by 127.
20
Calculate the remainder when 100 is divided by 30.
10
What is the remainder when 277 is divided by 95?
87
What is the remainder when 276 is divided by 35?
31
Calculate the remainder when 310 is divided by 25.
10
What is the remainder when 944 is divided by 25?
19
What is the remainder when 113 is divided by 20?
13
Calculate the remainder when 2183 is divided by 156.
155
What is the remainder when 545 is divided by 42?
41
Calculate the remainder when 1249 is divided by 78.
1
What is the remainder when 40019 is divided by 29?
28
Calculate the remainder when 3278 is divided by 23.
12
Calculate the remainder when 1370 is divided by 679.
12
Calculate the remainder when 249 is divided by 116.
17
Calculate the remainder when 94 is divided by 12.
10
What is the remainder when 169 is divided by 58?
53
Calculate the remainder when 14 is divided by 6.
2
What is the remainder when 405 is divided by 51?
48
Calculate the remainder when 773 is divided by 18.
17
What is the remainder when 393 is divided by 29?
16
Calculate the remainder when 404 is divided by 81.
80
What is the remainder when 617 is divided by 16?
9
Calculate the remainder when 326 is divided by 26.
14
What is the remainder when 3815 is divided by 39?
32
What is the remainder when 162 is divided by 55?
52
Calculate the remainder when 572 is divided by 72.
68
Calculate the remainder when 958 is divided by 473.
12
What is the remainder when 168 is divided by 57?
54
What is the remainder when 347 is divided by 39?
35
What is the remainder when 894 is divided by 28?
26
Wha